{"id":1165,"date":"2025-03-11T22:53:39","date_gmt":"2025-03-12T01:53:39","guid":{"rendered":"https:\/\/isfd141-bue.infd.edu.ar\/sitio\/?page_id=1165"},"modified":"2026-02-14T14:22:35","modified_gmt":"2026-02-14T17:22:35","slug":"inscripcion-a-materias-ciclo-lectivo-2025","status":"publish","type":"page","link":"https:\/\/isfd141-bue.infd.edu.ar\/sitio\/inscripcion-a-materias-ciclo-lectivo-2025\/","title":{"rendered":"MESAS DE EXAMEN FEBRERO MARZO 2026:"},"content":{"rendered":"\n<p><mark style=\"background-color:#ee5959\" class=\"has-inline-color\">ATENCI\u00d3N:<\/mark> SI CURSASTE TALLERES O PR\u00c1CTICAS DOCENTES ESTE EN EL 2025 NO DEBES ANOTARTE PARA RENDIR FINALES YA QUE SEG\u00daN EL NUEVO RAM (R\u00c9GIMEN ACAD\u00c9MICO) SE APRUEBAN JUNTO CON LA CURSADA.<\/p>\n\n\n\n<p><strong>FECHAS<\/strong>: DESDE EL 23-2-26 HASTA EL 13-3-26.<\/p>\n\n\n\n<p>Lengua y Literatura: <a href=\"https:\/\/docs.google.com\/spreadsheets\/d\/1sNDpJrqso-mlqbCw9AREXQ0zADqLDfzO\/edit?usp=sharing&amp;ouid=108083899967501419999&amp;rtpof=true&amp;sd=true\" target=\"_blank\" rel=\"noreferrer noopener\">https:\/\/docs.google.com\/spreadsheets\/d\/1sNDpJrqso-mlqbCw9AREXQ0zADqLDfzO\/edit?usp=sharing&amp;ouid=108083899967501419999&amp;rtpof=true&amp;sd=true<\/a><\/p>\n\n\n\n<p>Inicial :<a href=\"https:\/\/docs.google.com\/spreadsheets\/d\/1ykl7FYIVAUCmLlJgv5PcPrZn1SR5AtJs\/edit?usp=sharing&amp;ouid=108083899967501419999&amp;rtpof=true&amp;sd=true\" target=\"_blank\" rel=\"noreferrer noopener\">https:\/\/docs.google.com\/spreadsheets\/d\/1ykl7FYIVAUCmLlJgv5PcPrZn1SR5AtJs\/edit?usp=sharing&amp;ouid=108083899967501419999&amp;rtpof=true&amp;sd=true<\/a><\/p>\n\n\n\n<p>Primaria:<a href=\"https:\/\/docs.google.com\/spreadsheets\/d\/1VVBY4cjGkuOGfKWyOoyORKuErXU_N8dH\/edit?usp=sharing&amp;ouid=108083899967501419999&amp;rtpof=true&amp;sd=true\" target=\"_blank\" rel=\"noreferrer noopener\">https:\/\/docs.google.com\/spreadsheets\/d\/1VVBY4cjGkuOGfKWyOoyORKuErXU_N8dH\/edit?usp=sharing&amp;ouid=108083899967501419999&amp;rtpof=true&amp;sd=true<\/a><\/p>\n\n\n\n<p>Biolog\u00eda: <a href=\"https:\/\/docs.google.com\/spreadsheets\/d\/1r0WsPIgZThCMsq2utH8dWnKS_0wHLQlT\/edit?usp=drive_link&amp;ouid=108083899967501419999&amp;rtpof=true&amp;sd=true\" target=\"_blank\" rel=\"noreferrer noopener\">https:\/\/docs.google.com\/spreadsheets\/d\/1r0WsPIgZThCMsq2utH8dWnKS_0wHLQlT\/edit?usp=drive_link&amp;ouid=108083899967501419999&amp;rtpof=true&amp;sd=true<\/a><\/p>\n\n\n\n<p>Qu\u00edmica : <a href=\"https:\/\/docs.google.com\/spreadsheets\/d\/1E3nenh2nXWeFXiE6rEuAOuG3tRnhAVPt\/edit?usp=sharing&amp;ouid=108083899967501419999&amp;rtpof=true&amp;sd=true\" target=\"_blank\" rel=\"noreferrer noopener\">https:\/\/docs.google.com\/spreadsheets\/d\/1E3nenh2nXWeFXiE6rEuAOuG3tRnhAVPt\/edit?usp=sharing&amp;ouid=108083899967501419999&amp;rtpof=true&amp;sd=true<\/a><\/p>\n\n\n\n<p><\/p>\n\n\n\n<p><strong>FECHA DE INSCRIPCI\u00d3N:<\/strong> <\/p>\n\n\n\n<ul>\n<li><strong>VIRTUAL POR FORMULARIO DE GOOGLE<\/strong>: DESDE EL 10 DE FEBRERO HASTA EL 18 DE FEBRERO<\/li>\n\n\n\n<li><strong>PRESENCIAL<\/strong>: 18 Y 19 DE FEBRERO<\/li>\n<\/ul>\n\n\n\n<p>Inicial: <a href=\"https:\/\/docs.google.com\/forms\/d\/e\/1FAIpQLSf6dTuaP0oew4me5OOSTWNgHne8L3od1i2gztkvirMXl3GREg\/viewform?usp=sharing&amp;ouid=110588141402418983959\" target=\"_blank\" rel=\"noreferrer noopener\">https:\/\/docs.google.com\/forms\/d\/e\/1FAIpQLSf6dTuaP0oew4me5OOSTWNgHne8L3od1i2gztkvirMXl3GREg\/viewform?usp=sharing&amp;ouid=110588141402418983959<\/a><\/p>\n\n\n\n<p>Primaria:<a href=\"https:\/\/forms.gle\/gkFM8U5Ajdgz6pXz8\" target=\"_blank\" rel=\"noreferrer noopener\">https:\/\/forms.gle\/gkFM8U5Ajdgz6pXz8<\/a><\/p>\n\n\n\n<p>Biolog\u00eda:<a href=\"https:\/\/docs.google.com\/forms\/d\/e\/1FAIpQLSd2XzNyfShfyyYFdrORJ7R35OjqvuvOlPuz9hmM1zZH_fTJxQ\/viewform?usp=sharing&amp;ouid=110588141402418983959\" target=\"_blank\" rel=\"noreferrer noopener\">https:\/\/docs.google.com\/forms\/d\/e\/1FAIpQLSd2XzNyfShfyyYFdrORJ7R35OjqvuvOlPuz9hmM1zZH_fTJxQ\/viewform?usp=sharing&amp;ouid=110588141402418983959<\/a><\/p>\n\n\n\n<p>Qu\u00edmica: <a href=\"https:\/\/docs.google.com\/forms\/d\/e\/1FAIpQLSexMXcZ_2KrGorwsSwrjlFZI0FhHpaMZv4NELYEPgOeOElv9w\/viewform?usp=sharing&amp;ouid=110588141402418983959\" target=\"_blank\" rel=\"noreferrer noopener\">https:\/\/docs.google.com\/forms\/d\/e\/1FAIpQLSexMXcZ_2KrGorwsSwrjlFZI0FhHpaMZv4NELYEPgOeOElv9w\/viewform?usp=sharing&amp;ouid=110588141402418983959<\/a><\/p>\n\n\n\n<p>Lengua y Literatura: <a href=\"https:\/\/forms.gle\/jZV82h8sCCKffzgY8\" data-type=\"URL\" data-id=\"https:\/\/forms.gle\/jZV82h8sCCKffzgY8\" target=\"_blank\" rel=\"noreferrer noopener\">https:\/\/forms.gle\/jZV82h8sCCKffzgY8<\/a><\/p>\n\n\n\n<p><strong>PREGUNTAS FRECUENTES:<\/strong><\/p>\n\n\n\n<ul>\n<li>\u00bfME PUEDO ANOTAR PARA RENDIR LIBRE? Si, te podes anotar para rendir libre siempre y cuando no sean talleres, seminarios, laboratorios o Pr\u00e1ctica Docente (Lee el nuevo RAM  y sus condiciones)<\/li>\n\n\n\n<li>\u00bfQUE PASA SI EL MISMO D\u00cdA TENGO QUE RENDIR DOS MATERIAS? En ese caso vas a poder rendir una a las 18 hs y otra a las 20 hs. No te preocupes, solo necesitas avisar en direcci\u00f3n esta superposici\u00f3n.<\/li>\n\n\n\n<li>\u00bfQUE PASA SI  NO PUEDO ASISTIR? Este es un llamado \u00fanico para cada espacio curricular, si no podes asistir debes presentarte en el pr\u00f3ximo llamado de febrero.<\/li>\n<\/ul>\n","protected":false},"excerpt":{"rendered":"<p>ATENCI\u00d3N: SI CURSASTE TALLERES O PR\u00c1CTICAS DOCENTES ESTE EN EL 2025 NO DEBES ANOTARTE PARA RENDIR FINALES YA QUE SEG\u00daN EL NUEVO RAM (R\u00c9GIMEN ACAD\u00c9MICO) SE APRUEBAN JUNTO CON LA CURSADA. FECHAS: DESDE EL 23-2-26 HASTA EL 13-3-26. Lengua y Literatura: https:\/\/docs.google.com\/spreadsheets\/d\/1sNDpJrqso-mlqbCw9AREXQ0zADqLDfzO\/edit?usp=sharing&amp;ouid=108083899967501419999&amp;rtpof=true&amp;sd=true Inicial :https:\/\/docs.google.com\/spreadsheets\/d\/1ykl7FYIVAUCmLlJgv5PcPrZn1SR5AtJs\/edit?usp=sharing&amp;ouid=108083899967501419999&amp;rtpof=true&amp;sd=true Primaria:https:\/\/docs.google.com\/spreadsheets\/d\/1VVBY4cjGkuOGfKWyOoyORKuErXU_N8dH\/edit?usp=sharing&amp;ouid=108083899967501419999&amp;rtpof=true&amp;sd=true Biolog\u00eda: https:\/\/docs.google.com\/spreadsheets\/d\/1r0WsPIgZThCMsq2utH8dWnKS_0wHLQlT\/edit?usp=drive_link&amp;ouid=108083899967501419999&amp;rtpof=true&amp;sd=true Qu\u00edmica : https:\/\/docs.google.com\/spreadsheets\/d\/1E3nenh2nXWeFXiE6rEuAOuG3tRnhAVPt\/edit?usp=sharing&amp;ouid=108083899967501419999&amp;rtpof=true&amp;sd=true FECHA DE INSCRIPCI\u00d3N: Inicial: https:\/\/docs.google.com\/forms\/d\/e\/1FAIpQLSf6dTuaP0oew4me5OOSTWNgHne8L3od1i2gztkvirMXl3GREg\/viewform?usp=sharing&amp;ouid=110588141402418983959 &#8230; <a title=\"MESAS DE EXAMEN FEBRERO MARZO 2026:\" class=\"read-more\" href=\"https:\/\/isfd141-bue.infd.edu.ar\/sitio\/inscripcion-a-materias-ciclo-lectivo-2025\/\" aria-label=\"More on MESAS DE EXAMEN FEBRERO MARZO 2026:\">[+]<\/a><\/p>\n","protected":false},"author":1433,"featured_media":0,"parent":0,"menu_order":0,"comment_status":"closed","ping_status":"closed","template":"","meta":[],"acf":[],"_links":{"self":[{"href":"https:\/\/isfd141-bue.infd.edu.ar\/sitio\/wp-json\/wp\/v2\/pages\/1165"}],"collection":[{"href":"https:\/\/isfd141-bue.infd.edu.ar\/sitio\/wp-json\/wp\/v2\/pages"}],"about":[{"href":"https:\/\/isfd141-bue.infd.edu.ar\/sitio\/wp-json\/wp\/v2\/types\/page"}],"author":[{"embeddable":true,"href":"https:\/\/isfd141-bue.infd.edu.ar\/sitio\/wp-json\/wp\/v2\/users\/1433"}],"replies":[{"embeddable":true,"href":"https:\/\/isfd141-bue.infd.edu.ar\/sitio\/wp-json\/wp\/v2\/comments?post=1165"}],"version-history":[{"count":22,"href":"https:\/\/isfd141-bue.infd.edu.ar\/sitio\/wp-json\/wp\/v2\/pages\/1165\/revisions"}],"predecessor-version":[{"id":1239,"href":"https:\/\/isfd141-bue.infd.edu.ar\/sitio\/wp-json\/wp\/v2\/pages\/1165\/revisions\/1239"}],"wp:attachment":[{"href":"https:\/\/isfd141-bue.infd.edu.ar\/sitio\/wp-json\/wp\/v2\/media?parent=1165"}],"curies":[{"name":"wp","href":"https:\/\/api.w.org\/{rel}","templated":true}]}}